= -4*o - 4*s, t*s + 2*s + 44 = o. What is the units digit of o?
2
Let q = 4 + 2. Let c(w) = w**3 - 4*w**2 - 3*w + 6. Let i be c(q). Suppose -70 - i = -5*p. What is the tens digit of p?
2
Let n = -110 - -68. Let y = n + 66. What is the tens digit of y?
2
Let u = -878 - -1760. What is the units digit of u?
2
Suppose 5 = 3*f - 31. Suppose 4*o = -4*c + o - f, 0 = o + 4. Suppose -5*s + 29 = 2*b, 2*b + c*b - 3*s = 69. What is the units digit of b?
7
Let q be 0 + (109 - (-4 - -3)). Suppose -r - 4*r = -q. What is the tens digit of r?
2
Suppose 4*f - 41 = -3*y - 7, 4*y + 3*f = 36. Let d(a) = a**2 - 2*a. What is the units digit of d(y)?
4
Let u(o) = -o**3 - 2*o**2 + 5*o + 6. Let x(a) = a**3 - 6*a**2 - 2*a + 8. Let b = 17 + -11. Let y be x(b). What is the units digit of u(y)?
8
Let l be ((-9)/6)/(4/(-8)). Suppose 4*x + l*a = 18, 3*x + 3*a = -0*x + 15. Suppose 0*u + u + x*p - 21 = 0, -u + 2*p = -1. What is the units digit of u?
9
Suppose 3*s + 9 = 5*g, -s - 3*s = -4*g + 4. Suppose -905 = -5*a - g*c + 5*c, -2*a = c - 353. What is the tens digit of a?
7
Let m(t) = -t**3 + 3*t**2 + 2*t - 2. Let b be (-5)/(-20) - (-36)/(-16). Let n be m(b). Let i = n - 5. What is the units digit of i?
9
Let j(x) = -194*x + 184. What is the thousands digit of j(-8)?
1
Suppose 8*p = 10*p - 6. Let z(n) = 5*n**3 - 2*n**2 + 1. What is the units digit of z(p)?
8
Let m(b) = -b**2 - 4*b + 10. Let t be m(-5). Suppose -3*w - t*g = w - 106, -10 = -5*g. What is the units digit of w?
4
Suppose -555 + 162 = -3*a. What is the units digit of a?
1
Suppose 0 = 7*i - 62 + 20. Suppose -i*n + 26 = -28. What is the units digit of n?
9
Suppose 5*h - 20 = 0, b = 4*b + h - 16. Let r(q) = -b*q + q + 3 - 4 + 2*q. What is the units digit of r(-7)?
6
Suppose z + 1 = 0, -i + 24 = 2*z + 10. Suppose 5*h - i = h. Suppose 4*p = 3*b - 0*b - 64, h*p + 44 = 2*b. What is the tens digit of b?
2
Let o = -43 + 48. Let j(w) = -w**2 - 3*w - 3. Let f be j(-2). What is the units digit of o/10*(f - -3)?
1
Let g(o) = 4*o + 10. Let d be g(8). Let x be (1*6)/(d/28). Suppose -6*w + x*w + 20 = 0. What is the units digit of w?
0
Let y(b) = -14*b - 44. What is the hundreds digit of y(-34)?
4
Suppose 0 = -2*q - 5*r + 7522, 2*r + 8392 + 6676 = 4*q. What is the tens digit of q?
6
Let j be (-2 + -2 - -7) + -7. What is the tens digit of (-5)/((-40)/604) - 2/j?
7
Suppose 6 = -5*n - 5*j - 19, 4*n + 2*j + 14 = 0. What is the tens digit of (4917/n)/11*2/(-3)?
4
Suppose -t - k + 19 = -39, -t + 73 = 4*k. Let q = 74 - t. Suppose 0 = -3*m + 2*x + 114, x + 90 + q = 3*m. What is the units digit of m?
6
Let n(z) = -77*z - 231. What is the units digit of n(-28)?
5
Let f(y) = -9*y**3 + y**2 - 2*y + 4. Let z(k) = 8*k**3 - k**2 + 2*k - 3. Let r(o) = 3*f(o) + 4*z(o). What is the units digit of r(2)?
0
Let v = -909 + 2101. What is the units digit of v?
2
What is the units digit of 74120/70 + (24/21 - 1)?
9
Suppose -6 = -6*a + 3*a. Suppose a*j + 0*j = 44. Let n = 32 - j. What is the tens digit of n?
1
What is the tens digit of (-20508)/(-96)*(1 + 21/3)?
0
Let o(j) be the first derivative of -6*j + 7 - 3*j**2 + 0 - j. What is the units digit of o(-3)?
1
Suppose -r = 5*r - 12. Suppose -144 = -0*d - r*d. What is the tens digit of d?
7
Let h(z) = 28*z + 219. What is the units digit of h(29)?
1
Let d = 2 + 0. Suppose 14 = d*z + 2*c, -4*z + 2*c + 8 = -2. Suppose -2*r + 22 = z. What is the units digit of r?
9
Let t be (-3)/3 + 4 + -3 + 1. What is the tens digit of 1727/22*(t - -1)?
5
Let d(c) = 149*c - 232. What is the tens digit of d(10)?
5
Suppose 104*t - 234108 = -87572. What is the thousands digit of t?
1
Let m(u) = u - 2. Suppose -11*n + 7*n + 32 = 0. What is the units digit of m(n)?
6
Suppose -34 - 6 = -4*h. Let v = h + -5. Suppose 0*t - t = -v. What is the units digit of t?
5
Let t(y) = y**3 - 16*y**2 + 4*y + 11. Let x be 2/(-3) + (-250)/(-15). What is the tens digit of t(x)?
7
Let y be (3/(-6))/(1/(-22)). Suppose -x + 7 = -y. Let d(f) = 3*f - 39. What is the units digit of d(x)?
5
Let j = -82 + 89. Suppose j*u - 6*u = 150. What is the tens digit of u?
5
Let s(f) = -24*f**3 + 6*f**2 - f - 27. What is the tens digit of s(-4)?
0
Let m = -2 + -16. Let x be (m/4)/(11/22). Let y(r) = -3*r - 9. What is the tens digit of y(x)?
1
Let j = -42 - -61. Suppose -h = 0, -5*h = 3*q - j + 7. Suppose -b + q*t + 22 = 0, -b + 2*t = 7*t - 13. What is the tens digit of b?
1
Let s(w) = 6*w**3 - 11*w + 12*w - 4*w**3 + w**2 - 1. Let q be s(2). Let c = q + 12. What is the tens digit of c?
3
Let q = -43 + 26. Let g(v) = 27*v**3 + 2*v**2 - 2*v + 1. Let d be g(1). Let z = d + q. What is the tens digit of z?
1
Suppose -15 = -5*r + 10, 5*r - 41 = 2*j. Let q(p) = -3 - 5*p - p**3 + 0*p - 9*p**2 - 6*p. What is the units digit of q(j)?
1
Let i be ((2/(-4))/(3/60))/(-2). Suppose -q = -i*m + 2*q + 439, 0 = -3*m - 4*q + 246. What is the units digit of m?
6
Suppose 9 = 3*s, 2*g - 3 = 3*g - 2*s. Suppose -g*f + 2*b + 16 = 2*f, -f - 5*b = -14. What is the units digit of f?
4
Let g be 3*(-69)/(-18)*8. Suppose -9*q = -5*q - g. Suppose 167 = 5*t - q. What is the units digit of t?
8
Suppose -5*u + 5 = -5*l, -2*l + 0*u + 4 = u. Suppose -5*g + 13 = w, l = -2*g + 5. Suppose w*z + 4*s = 15, 5*z + 2*s - 25 = -0*z. What is the units digit of z?
5
Suppose -4*p = -4*c + p + 106, -4*c + p + 114 = 0. Let m be -4*1/(-2)*c. Suppose -i + m = i. What is the units digit of i?
9
Let f be (9/(-6) + 3)*(-1 - 5). What is the units digit of 1 - 6/f*82*3?
5
Suppose -5*v = 0, -c + v + 3*v + 4 = 0. Suppose 6*w - w + 22 = d, -5*d = c*w - 168. What is the tens digit of d?
3
Let b be ((-2)/6)/((-3)/45). Suppose -504 = -w - 3*w - 3*o, -w - b*o = -143. Suppose -4*g + w = -89. What is the units digit of g?
3
Let m(q) = q**3 + 2*q**2 - 3*q + 3. Let k(h) = -3*h - 6*h**2 + 5*h**2 - 4*h + 2*h - 4. Let i be k(-3). What is the tens digit of m(i)?
1
Let t = 9 - -6. Suppose -o + t = 2*o. Let q = o + -1. What is the units digit of q?
4
Let b be (3*2)/(32/(-848)). Let c = -104 - b. What is the tens digit of c?
5
Suppose g + g = 24. Suppose g = -0*b + b. Let n = b - -11. What is the tens digit of n?
2
Let v(i) = -i**2 - 2*i + 28. Let r be v(-6). Suppose r*g = -12, 7*h - 4*h = -g + 564. What is the tens digit of h?
8
Suppose -4*j - 4*o + 25 = -o, 5*o = -3*j + 27. Suppose -6*r + 2*r + 5*h + 156 = 0, -h = j. What is the units digit of r?
4
Let k = -6 + 22. Suppose -72 = a - k. Let f = 81 + a. What is the units digit of f?
5
Suppose -2*z + 6778 = -2*q, 3*z - z + 5*q = 6757. What is the tens digit of z?
8
Let o(u) = u**3 - 7*u**2 + 9*u - 5. Let q be o(6). Suppose 17 = -3*f + x, -x - q = 2*f - 2*x. What is the tens digit of (-122)/f - 3/(-6)?
3
Let p(o) = 30*o - 19*o - 18*o + 26 - 10*o. What is the units digit of p(-6)?
8
Let k(r) = 37*r + 17. Let p(h) = 18*h + 8. Let l(s) = -4*k(s) + 9*p(s). What is the units digit of l(8)?
6
Let w = -44 + 32. Suppose y + 6*t - t - 4 = 0, 4*y - 85 = 3*t. Let b = w + y. What is the units digit of b?
7
Let l(w) = -60*w - 87. What is the units digit of l(-11)?
3
Let v(j) = -2*j**2 - 46*j - 15. Let l be v(-23). What is the hundreds digit of (-10)/(-25) + 87/l*-32?
1
Suppose -5*t - 5*s - 5 = 0, 3*t - 4*s - 17 = -6. Let x = 7 - t. What is the units digit of (4/8)/(3/x)?
1
Let k(r) = r**3 + 5*r**2 - 4*r - 5. Let h be k(-5). Let u(b) = -b**2 + 22*b - 52. What is the units digit of u(h)?
3
Let p(y) be the second derivative of -y**5/20 - y**4/12 - 5*y**3/6 - 37*y. What is the hundreds digit of p(-5)?
1
Let a = 30 + 165. Let t = 307 - a. Suppose -w = w - t. What is the tens digit of w?
5
Let n = 412 - 154. Suppose -4*f + n = 82. Let b = f + -13. What is the tens digit of b?
3
Let h = 515 + -309. Let k = h + -136. What is the units digit of k?
0
Let p = 25 - 12. Let c = -9 + p. Suppose -3*a = 3*j - 2*j - 15, -2*j - c*a + 34 = 0. What is the units digit of j?
1
Let p(r) = -r**3 + 32*r**2 + 139*r - 20. What is the tens digit of p(31)?
5
Let r be ((-10)/3)/(4/(-30)). What is the units digit of 2/(-10) + 5/r - -10?
0
Let j = 2320 - 2084. What is the tens digit of j?
3
Suppose -256 = 12*f - 3784. What is the tens digit of f?
9
Let n = 9 + -7. Let s be (n/3)/(12/126). Let w(i) = i**2 - 5*i - 8. What is the units digit of w(s)?
6
Let w be 16/16 + 1*4. Suppose 5*b = -t + 3*t + 68, -w*t = -3*b + 56. What is the tens digi